1054 is divided by 149.
11
What is the remainder when 564 is divided by 71?
67
Calculate the remainder when 876 is divided by 432.
12
Calculate the remainder when 5976 is divided by 43.
42
Calculate the remainder when 717 is divided by 23.
4
Calculate the remainder when 238 is divided by 118.
2
What is the remainder when 888 is divided by 50?
38
Calculate the remainder when 8927 is divided by 2975.
2
Calculate the remainder when 536 is divided by 171.
23
Calculate the remainder when 663 is divided by 4.
3
Calculate the remainder when 102 is divided by 89.
13
What is the remainder when 54 is divided by 41?
13
Calculate the remainder when 421 is divided by 24.
13
What is the remainder when 370 is divided by 93?
91
Calculate the remainder when 250 is divided by 52.
42
What is the remainder when 12 is divided by 2?
0
What is the remainder when 420 is divided by 6?
0
Calculate the remainder when 185 is divided by 54.
23
Calculate the remainder when 293 is divided by 67.
25
Calculate the remainder when 388 is divided by 65.
63
What is the remainder when 116 is divided by 13?
12
Calculate the remainder when 10 is divided by 10.
0
Calculate the remainder when 424 is divided by 4.
0
Calculate the remainder when 2809 is divided by 1401.
7
What is the remainder when 246 is divided by 31?
29
Calculate the remainder when 143 is divided by 25.
18
What is the remainder when 114 is divided by 56?
2
What is the remainder when 61 is divided by 21?
19
What is the remainder when 869 is divided by 58?
57
Calculate the remainder when 12208 is divided by 74.
72
Calculate the remainder when 2203 is divided by 4.
3
Calculate the remainder when 803 is divided by 32.
3
What is the remainder when 1496 is divided by 20?
16
Calculate the remainder when 389 is divided by 55.
4
What is the remainder when 149 is divided by 22?
17
What is the remainder when 72 is divided by 7?
2
Calculate the remainder when 28 is divided by 11.
6
Calculate the remainder when 53 is divided by 8.
5
What is the remainder when 43 is divided by 2?
1
Calculate the remainder when 12360 is divided by 39.
36
What is the remainder when 219 is divided by 202?
17
Calculate the remainder when 1003 is divided by 67.
65
What is the remainder when 1255 is divided by 212?
195
What is the remainder when 1800 is divided by 166?
140
Calculate the remainder when 230 is divided by 60.
50
Calculate the remainder when 348 is divided by 33.
18
What is the remainder when 134 is divided by 70?
64
Calculate the remainder when 891 is divided by 116.
79
What is the remainder when 387 is divided by 254?
133
Calculate the remainder when 1695 is divided by 212.
211
What is the remainder when 539 is divided by 177?
8
Calculate the remainder when 149 is divided by 130.
19
What is the remainder when 202 is divided by 19?
12
What is the remainder when 780 is divided by 29?
26
Calculate the remainder when 43 is divided by 34.
9
Calculate the remainder when 17407 is divided by 34.
33
Calculate the remainder when 139 is divided by 41.
16
Calculate the remainder when 389 is divided by 21.
11
What is the remainder when 1281 is divided by 639?
3
Calculate the remainder when 77 is divided by 16.
13
What is the remainder when 564 is divided by 113?
112
What is the remainder when 551 is divided by 47?
34
Calculate the remainder when 34 is divided by 3.
1
What is the remainder when 259 is divided by 22?
17
Calculate the remainder when 7149 is divided by 130.
129
Calculate the remainder when 371 is divided by 25.
21
What is the remainder when 201 is divided by 53?
42
What is the remainder when 8789 is divided by 14?
11
Calculate the remainder when 2173 is divided by 75.
73
Calculate the remainder when 1459 is divided by 73.
72
Calculate the remainder when 266 is divided by 259.
7
What is the remainder when 209 is divided by 172?
37
What is the remainder when 2936 is divided by 12?
8
What is the remainder when 51 is divided by 26?
25
What is the remainder when 455 is divided by 175?
105
What is the remainder when 27976 is divided by 277?
276
What is the remainder when 263 is divided by 72?
47
Calculate the remainder when 14271 is divided by 78.
75
Calculate the remainder when 33977 is divided by 10.
7
What is the remainder when 10705 is divided by 170?
165
What is the remainder when 94 is divided by 20?
14
Calculate the remainder when 204 is divided by 5.
4
What is the remainder when 139 is divided by 26?
9
Calculate the remainder when 916 is divided by 40.
36
Calculate the remainder when 293 is divided by 102.
89
Calculate the remainder when 7797 is divided by 13.
10
What is the remainder when 1139 is divided by 97?
72
What is the remainder when 837 is divided by 170?
157
Calculate the remainder when 2208 is divided by 65.
63
Calculate the remainder when 2367 is divided by 482.
439
Calculate the remainder when 199 is divided by 20.
19
What is the remainder when 193 is divided by 7?
4
What is the remainder when 20 is divided by 6?
2
Calculate the remainder when 820 is divided by 46.
38
What is the remainder when 2448 is divided by 79?
78
Calculate the remainder when 203 is divided by 102.
101
What is the remainder when 48 is divided by 20?
8
Calculate the remainder when 2107 is divided by 44.
39
What is the remainder when 425 is divided by 165?
95
Calculate the remainder when 2945 is divided by 732.
17
What is the remainder when 118 is divided by 62?
56
What is the remainder when 7794 is divided by 44?
6
Calculate the remainder when 552 is divided by 40.
32
What is the remainder when 71 is divided by 68?
3
Calculate the remainder when 3431 is divided by 12.
11
Calculate the remainder when 14080 is divided by 24.
16
What is the remainder when 140 is divided by 37?
29
Calculate the remainder when 24 is divided by 14.
10
What is the remainder when 1247 is divided by 24?
23
What is the remainder when 362 is divided by 142?
78
Calculate the remainder when 285 is divided by 67.
17
What is the remainder when 533 is divided by 114?
77
Calculate the remainder when 492 is divided by 260.
232
What is the remainder when 358 is divided by 93?
79
Calculate the remainder when 1634 is divided by 407.
6
What is the remainder when 4644 is divided by 46?
44
What is the remainder when 4935 is divided by 20?
15
Calculate the remainder when 192 is divided by 66.
60
Calculate the remainder when 284 is divided by 69.
8
Calculate the remainder when 692 is divided by 7.
6
What is the remainder when 218 is divided by 40?
18
Calculate the remainder when 864 is divided by 430.
4
Calculate the remainder when 367 is divided by 95.
82
Calculate the remainder when 327 is divided by 55.
52
What is the remainder when 192 is divided by 47?
4
Calculate the remainder when 863 is divided by 27.
26
What is the remainder when 112 is divided by 19?
17
Calculate the remainder when 29 is divided by 24.
5
Calculate the remainder when 121 is divided by 27.
13
What is the remainder when 781 is divided by 49?
46
Calculate the remainder when 795 is divided by 21.
18
Calculate the remainder when 878 is divided by 10.
8
Calculate the remainder when 312 is divided by 35.
32
What is the remainder when 875 is divided by 41?
14
What is the remainder when 53 is divided by 5?
3
What is the remainder when 2066 is divided by 11?
9
What is the remainder when 2209 is divided by 277?
270
What is the remainder when 57 is divided by 3?
0
What is the remainder when 1804 is divided by 42?
40
Calculate the remainder when 5038 is divided by 49.
40
Calculate the remainder when 1754 is divided by 97.
8
Calculate the remainder when 59 is divided by 15.
14
Calculate the remainder when 5131 is divided by 29.
27
What is the remainder when 120 is divided by 41?
38
What is the remainder when 472 is divided by 8?
0
Calculate the remainder when 171 is divided by 36.
27
What is the remainder when 44 is divided by 19?
6
Calculate the remainder when 64 is divided by 25.
14
What is the remainder when 6539 is divided by 12?
11
Calculate the remainder when 573 is divided by 107.
38
Calculate the remainder when 2944 is divided by 24.
16
What is the remainder when 918 is divided by 21?
15
Calculate the remainder when 2376 is divided by 34.
30
Calculate the remainder when 11373 is divided by 125.
123
What is the remainder